. What is the greatest common factor of t and 7?
7
Suppose 3*t - 9 + 3 = 0. Suppose t*r = 27 + 61. What is the greatest common factor of r and 4?
4
Let k be (-1 + 0)/(1/(-14)). Suppose 5*u - 3*b = 16, -5*u - 2*b = 3*b. Calculate the highest common divisor of u and k.
2
Let m = -43 + 9. Let s = m - -19. Let z = -8 - s. What is the greatest common divisor of z and 35?
7
Suppose 3*r - 2*t = 9, 5*r - 2*r + 3*t - 24 = 0. Suppose 0 = 3*m - r*m + 56. Calculate the highest common factor of 42 and m.
14
Let c be 0/1 - (2 + 8). Let q = c - -16. Let z be (q - (1 - 2)) + 0. What is the greatest common divisor of 1 and z?
1
Let g(v) = v**2 + 3*v + 6. Let a be g(-4). Suppose 6*t = f + 5*t - 32, 5*t = -a. Let w = 2 + 4. Calculate the greatest common divisor of f and w.
6
Suppose -r = -4*r. Suppose r = -q - 4*q - 2*a + 148, 2*a = -q + 28. Calculate the greatest common factor of 3 and q.
3
Let x(c) = -c + 3. Let g be x(0). Suppose w + m = 51, -4*w = -g*m + 44 - 248. Calculate the greatest common divisor of w and 17.
17
Suppose -2*w + 0*b + 245 = 3*b, 0 = -4*w + 5*b + 435. What is the greatest common divisor of w and 46?
23
Let v(d) = -3*d**2 + 5*d**2 - 3*d**2 - 6*d**3 + 2*d. Let u be v(-2). Suppose 2*h - f = 5, 2*h = 5*h - 3*f. What is the highest common divisor of u and h?
5
Let s = -130 + 402. Suppose -s = -q - q. Let l = -8 + 25. What is the highest common divisor of l and q?
17
Let m = -22 - -15. Let i(l) = -l + 8. Let d be i(m). Suppose -3*o + 5*g + 5 = -2*o, 0 = -5*o + 4*g + 46. What is the greatest common factor of o and d?
5
Let v(w) = -31*w + 7. Let b be v(-2). Calculate the greatest common factor of 3 and b.
3
Let g(t) = t**3 + 9*t**2 + 3*t - 3. Let z be g(-4). Let r = z - 41. Calculate the greatest common divisor of 216 and r.
24
Let t = 8 - 1. Let m(l) = -l**2 + 7*l - 1. Let z be m(t). Let w be (-2)/(1 + -2 + z). Calculate the highest common divisor of w and 8.
1
Let w(k) = -k**2 + 5*k + 2. Let u be w(5). Suppose q = 3*q - 10. What is the greatest common factor of q and u?
1
Let x = 56 - 84. Let d = x - -46. What is the greatest common factor of d and 18?
18
Let f be (-188)/(-14) + 260/(-35) + 7. Calculate the highest common divisor of f and 130.
13
Let y(h) = h**2 + h + 58. Let u be y(0). Calculate the greatest common factor of u and 29.
29
Let h be (-1)/3 + (-106)/(-3). Let p(u) = -u**3 + 6*u**2 + 9*u - 7. Let b be p(7). Calculate the greatest common factor of b and h.
7
Suppose 8*u - 4*u - 32 = 0. Let v = 0 + u. Let l(q) = 23*q**2 - 3*q + 2. Let k be l(2). What is the highest common factor of v and k?
8
Let a(v) = -v**2 - 4*v + 2. Let g be a(-4). Let d = -5 - -8. Suppose 4*w = 1 + d. Calculate the highest common divisor of w and g.
1
Let c = -3 - -6. Suppose -15 = -2*u - 3*u. Suppose -u*v = c*s + v - 37, -5*s - v = -56. What is the greatest common factor of 11 and s?
11
Let b be (-24 + 9)*4/(-3). Let j be 55/b - 1/(-4). Calculate the highest common factor of j and 1.
1
Let s be 7 + 0 + -2 + 4. Calculate the greatest common divisor of 21 and s.
3
Let j = 298 - 151. Suppose -f - 5*l + 26 = 0, -3*l + 36 + 30 = 3*f. Calculate the highest common divisor of f and j.
21
Let m = -27 + 43. Let q = -10 + 18. Calculate the highest common divisor of m and q.
8
Let r(k) = -5*k + 6. Let b be r(-3). Let w = b - 12. What is the greatest common factor of w and 27?
9
Suppose k = -0*k + 24. Suppose 5*h - 2*h - k = 0. Suppose 0*n + p = -2*n + 44, -5*n + 128 = -2*p. Calculate the greatest common divisor of n and h.
8
Let o = 77 - 43. Suppose -5*m - 3*v + 22 = -18, -5*v + 50 = 5*m. Let n(u) = 2*u**2 - 7*u + 2. Let p be n(m). Calculate the highest common factor of o and p.
17
Let a be 3*(2 - 12)*-1. Suppose -52 - 8 = -5*d. What is the highest common divisor of d and a?
6
Suppose 4 = r + 2. Calculate the highest common factor of 2 and r.
2
Suppose 4*c - 6*c = -80. Let t = c + 2. What is the greatest common divisor of t and 14?
14
Let s(m) = 15*m**2 - 3*m - 7. Let u be s(7). Suppose -y = -5*y - 3*v + u, 4*y - 702 = 2*v. What is the highest common factor of y and 16?
16
Let t = -64 + 91. What is the greatest common factor of 81 and t?
27
Suppose -27 - 13 = 5*g. Let r(j) = -j**2 + 7*j + 6. Let n be r(7). Let o = n - g. What is the highest common factor of o and 70?
14
Let y = 3 + -4. Let d be 2 - (9 + 0) - y. Let c be 3*(-4)/d*9. Calculate the greatest common factor of c and 9.
9
Let x(i) = i**2 - 9*i + 9. Let u be x(7). Let c = u + -2. Let f(j) = j**2 + 6*j + 3. Let m be f(c). Calculate the highest common divisor of 80 and m.
10
Let k be -7*(-2 + 0 + 1). Suppose n - 2*n + k = 0. What is the highest common factor of n and 14?
7
Let u be ((-66)/4)/((-12)/16). What is the greatest common divisor of u and 2?
2
Let x be (-1)/(-2*1/(-14)). Let b(q) = q + 8. Let n be b(x). Let t = 2 - n. What is the greatest common factor of t and 3?
1
Let i = 118 - 38. Suppose 4*x = -5*c + 66, 0 = -3*c - 0*c + 3*x + 18. What is the greatest common divisor of i and c?
10
Suppose 2*c = -5*b - 1, 11*c + b - 55 = 6*c. Calculate the highest common divisor of 12 and c.
12
Let v(w) = -w - 3*w + 0*w. Let i be v(-1). Suppose -i*u + 48 = -5*n, 2*u + 5*n + 1 = -5. What is the greatest common factor of 28 and u?
7
Let l be 1/(5/(-5)) - -19. What is the greatest common factor of 18 and l?
18
Suppose -111 - 213 = -6*y. What is the highest common factor of 81 and y?
27
Let g = -84 - -148. Calculate the highest common divisor of g and 160.
32
Let a be 44/4 - 1 - -3. Let o(i) = 15*i**2 + 3*i - 1. Suppose -5*u + 18 = 4*s, 5*s - 1 = 3*u + 3. Let m be o(s). Calculate the highest common factor of a and m.
13
Suppose w + 4 + 0 = 0. Let o(j) = -j - 2. Let c be o(w). Let k = 3 + -2. What is the greatest common factor of k and c?
1
Let l be 0*(-1)/(-4) + 33. Calculate the highest common factor of 22 and l.
11
Let u = 52 + 4. Calculate the highest common factor of u and 84.
28
Let u = -114 - -128. Suppose -3*r - r = 3*l - 88, 0 = 2*r - 2. Calculate the highest common divisor of u and l.
14
Let u be -2 - (1 + -1 + -47). Calculate the greatest common divisor of u and 15.
15
Let y(p) = 3*p**2 - 3*p - 4. Let r be (-1)/((-3)/36) - 0. Suppose -3*v + r = 3. Let q be y(v). Calculate the highest common divisor of 70 and q.
14
Suppose 0*x = x - 2*y - 19, 2*y = 2*x - 28. Suppose -h + 9 = -2*j, -5*h + j = 3*j - 9. Calculate the highest common factor of x and h.
3
Suppose -83*v - 75 = -98*v. Suppose 4*n - l = 5, 1 = -4*l - 3. What is the greatest common divisor of n and v?
1
Suppose -a + 110 = h, -5*a - 5*h + 6*h = -562. What is the greatest common divisor of 14 and a?
14
Suppose -3*x + 5*u + 6 = 0, 3*x + 0*u - 4*u - 6 = 0. Let k(f) = 4*f - 3. Let n be k(x). What is the highest common divisor of 40 and n?
5
Let k be (38/5)/(14/35). Calculate the highest common divisor of k and 171.
19
Let l be (10/(-4) + 2)*-10. Suppose 2*v = -g - 8, 23 = -g + l*g - 3*v. Suppose -g*x = -15 - 15. Calculate the greatest common factor of x and 5.
5
Let f be (1 - -1)/((-1)/(-46)). Let n = -282 - -305. What is the highest common divisor of f and n?
23
Suppose 0 = -5*h + 1 + 14. What is the highest common divisor of 33 and h?
3
Suppose -20 = 4*a - 5*a. Suppose 0 = s - 3*r + 5 + 3, -2*r + a = 3*s. What is the greatest common divisor of s and 12?
4
Suppose q + g + 88 = 0, 2*q + 2*g + g + 176 = 0. Let z be q/(-14) - 6/21. Let f be 70/(-4)*12/(-7). Calculate the highest common divisor of f and z.
6
Suppose 5*z - 41 = 99. What is the greatest common divisor of 7 and z?
7
Suppose -6*z - 15 = -11*z. Suppose -z*p = -33 - 39. Calculate the highest common factor of 24 and p.
24
Suppose 13*m = 10*m + 12. Suppose -133 = -3*h - q + 243, m*q = 2*h - 260. Calculate the greatest common divisor of h and 18.
18
Let g(l) = -9*l**2 - 4*l - 2. Let f be g(-2). Let m be (f*1 - 0)/(-2). Calculate the highest common divisor of m and 30.
15
Suppose 0 = -5*n + 3*n + 8. Suppose 5*h = h + n. Let g be (-22)/1*h/(-2). What is the greatest common divisor of g and 1?
1
Suppose -3*g = 15, 6*b = 2*b + 5*g + 41. Suppose -2*l + 2 = -0*l. Calculate the highest common divisor of b and l.
1
Let z(u) = -u + 2. Let a be z(0). Suppose a*v + 1 = v. Let g be 1*(-11)/(v + 0). Calculate the highest common factor of g and 44.
11
Let b(t) = -292*t - 1. Let c be b(-1). Suppose -c - 33 = -4*v. Calcu